se 14, what is -2d + -b?
-3a
In base 10, what is -1 + 85?
84
In base 10, what is 54 + -3?
51
In base 15, what is -29 - 22?
-4b
In base 3, what is -10 + 1121012?
1121002
In base 3, what is 121 - -1011?
1202
In base 16, what is 73 + -1?
72
In base 4, what is 1320 + -22?
1232
In base 14, what is -4ba4 + 2?
-4ba2
In base 10, what is -8711 - -3?
-8708
In base 10, what is 8309 - 3?
8306
In base 11, what is -221 + -7?
-228
In base 9, what is 60 - -18?
78
In base 2, what is -1000100011 - -1011?
-1000011000
In base 13, what is 95 - 3?
92
In base 4, what is 11200 - -2?
11202
In base 7, what is -34 + -10?
-44
In base 8, what is 115 + -305?
-170
In base 5, what is -10 - 3212?
-3222
In base 9, what is 4 + -107?
-103
In base 12, what is -1 + -29?
-2a
In base 5, what is -1 - -24334?
24333
In base 16, what is 2e - 37?
-9
In base 15, what is c + -d?
-1
In base 11, what is 2a26 - -9?
2a34
In base 4, what is -1312121 + 0?
-1312121
In base 16, what is 1 + -1bd4?
-1bd3
In base 12, what is 0 - 49?
-49
In base 10, what is -4 + 2751?
2747
In base 16, what is 3 + 6e4?
6e7
In base 15, what is -34c + -3?
-350
In base 6, what is 40555 + -2?
40553
In base 11, what is 31 - 6?
26
In base 9, what is 4 - 5201?
-5186
In base 6, what is -33202 + -4?
-33210
In base 5, what is 104 + 13?
122
In base 2, what is -1100 + 0?
-1100
In base 3, what is -21000 - 1200?
-22200
In base 12, what is -4 + 380?
378
In base 14, what is -4 + 299?
295
In base 6, what is -2134 + 0?
-2134
In base 2, what is 10110101 + 0?
10110101
In base 12, what is -5 + 34?
2b
In base 2, what is -101011 + -1110?
-111001
In base 2, what is -1010 + -100111?
-110001
In base 15, what is 2 + -6b?
-69
In base 15, what is 1 + -1c?
-1b
In base 14, what is -1215 + -1?
-1216
In base 7, what is -265 - 4?
-302
In base 12, what is 21a5 - 1?
21a4
In base 3, what is -1 - 1122022?
-1122100
In base 7, what is 20 + -4101?
-4051
In base 12, what is -46 + -8?
-52
In base 5, what is 10 + -2444?
-2434
In base 16, what is -36 + -4?
-3a
In base 8, what is 37002 + 2?
37004
In base 6, what is -15315 + -5?
-15324
In base 16, what is -2 - eb?
-ed
In base 9, what is -130 + -27?
-157
In base 2, what is 101 - -10100?
11001
In base 16, what is 7 + -9b?
-94
In base 4, what is 1331 - 0?
1331
In base 9, what is -46 + -16?
-63
In base 9, what is 135 - 4?
131
In base 8, what is -32614 - -4?
-32610
In base 12, what is -5623 + -3?
-5626
In base 9, what is -11 - -16?
5
In base 13, what is cc - -20?
11c
In base 14, what is 18 - 38?
-20
In base 6, what is -155 + -54?
-253
In base 13, what is c + 2?
11
In base 9, what is 3 - -4263?
4266
In base 2, what is 0 - 1001?
-1001
In base 10, what is 26 + 293?
319
In base 11, what is -20 + a9?
89
In base 6, what is 15340 - -3?
15343
In base 6, what is 451 - -10?
501
In base 13, what is c3a + 2?
c3c
In base 14, what is -1a7 - 5?
-1ac
In base 5, what is 2340 + 2?
2342
In base 10, what is 1 + -61?
-60
In base 11, what is 4 + -130?
-127
In base 15, what is 42 - 11?
31
In base 6, what is 15123 + -2?
15121
In base 9, what is -22 - -24?
2
In base 11, what is -5 - 3a?
-44
In base 5, what is 4 + 232?
241
In base 15, what is 3 - 3a?
-37
In base 6, what is 333 - 13?
320
In base 8, what is -214 - 2?
-216
In base 12, what is -5493 + -1?
-5494
In base 10, what is 31 + -16?
15
In base 6, what is 42 + 15?
101
In base 2, what is 1101010 - 1?
1101001
In base 14, what is 3 - 3a?
-37
In base 15, what is -d7 - 5?
-dc
In base 13, what is 2 - 6?
-4
In base 14, what is -1 - 3?
-4
In base 12, what is -4 - 1224?
-1228
In base 2, what is -11000110 + 10?
-11000100
In base 5, what is 144 - -23?
222
In base 3, what is -20 - 12?
-102
In base 11, what is 7 + -2?
5
In base 9, what is 606 + -1?
605
In base 16, what is -12b4 + 0?
-12b4
In base 3, what is -12 + -1121?
-1210
In base 2, what is 10110 - -1110?
100100
In base 12, what is -3 - 381?
-384
In base 4, what is -3 + 110001?
103332
In base 3, what is 12 - 10111?
-10022
In base 15, what is -92 - 4?
-96
In base 8, what is 1023 - -2?
1025
In base 10, what is 3561 + -5?
3556
In base 16, what is a - -9?
13
In base 13, what is -2b + 145?
117
In base 16, what is 14fd - -1?
14fe
In base 5, what is -10 - -1223?
1213
In base 15, what is -d + 5?
-8
In base 16, what is -9 + -f?
-18
In base 3, what is 11120 - -11?
11201
In base 13, what is 34 + -47?
-13
In base 3, what is -22222 - 12?
-100011
In base 11, what is -1 - 10aa?
-1100
In base 13, what is 5 - 784?
-77c
In base 9, what is 1 - 433?
-432
In base 7, what is -4 + -14301?
-14305
In base 10, what is 2 - 669?
-667
In base 3, what is -11 - 2212?
-10000
In base 9, what is 24 - -10?
34
In base 5, what is -1 + 4?
3
In base 16, what is -3a7 + -2?
-3a9
In base 15, what is 69 - -1?
6a
In base 12, what is 8 - 17?
-b
In base 16, what is -f - 70?
-7f
In base 5, what is -43433 - -1?
-43432
In base 4, what is 33 - -303?
1002
In base 15, what is 7be + -3?
7bb
In base 16, what is 2 - -21?
23
In base 5, what is 11 - -40210?
40221
In base 16, what is 5 - -8fd?
902
In base 7, what is -54 - -21?
-33
In base 8, what is -13 + 15?
2
In base 11, what is 8 - 375?
-368
In base 2, what is 11111 - -10111101?
11011100
In base 7, what is 12 + 1011?
1023
In base 5, what is 3 + -1420?
-1412
In base 5, what is -1 + -111?
-112
In base 9, what is -33 - -10?
-23
In base 16, what is 85 + -9?
7c
In base 9, what is 4 + 504?
508
In base 2, what is 110 - -1001?
1111
In base 11, what is 4 - -44?
48
In base 9, what is -188 - -44?
-144
In base 5, what is -11443 - -2?
-11441
In base 5, what is -4 + -1333?
-1342
In base 10, what is 80 - -191?
271
In base 4, what is -12031 + -1?
-12032
In base 5, what is 42220 - -1?
42221
In base 12, what is -8 - -12?
6
In base 15, what is 309 + 0?
309
In base 3, what is -10101122 - -11?
-10101111
In base 16, what is -68 - -2?
-66
In base 9, what is 14 - -605?
620
In base 5, what is -214 + 1?
-213
In base 6, what is 2 - 3?
-1
In base 13, what is -10 + a?
-3
In base 10, what is 210 - -2?
212
In base 12, what is 107 - -3?
10a
In base 9, what is 11 - -371?
382
In base 6, what is 154 + -20?
134
In base 16, what is 4a1 - -1?
4a2
In base 9, what is -11431 - 2?
-11433
In base 5, what is 10 - -1020?
1030
In base 10, what is -4 - 603?
-607
In base 5, what is 2 - 134?
-132
In base 10, what is -22 + -8?
-30
In base 9, what is -326 + 2?
-324
In base 3, what is 122 + -20121?
-12222
In base 2, what is 111110 + 0?
111110
In base 10, what is -70 - 0?
-70
In base 7, what is -1116 + 2?
-1114
In base 9, what is -4 + 6455?
6451
In base 3, what is -221102 + 1010?
-220022
In base 11, what is 5 - -16a?
174
In base 4, what is 1 + -10?
-3
In base 6, what is 33 - -41?
114
In base 4, what is -32030 + 0?
-32030
In base 12, what is 1 - -307?
308
In base 3, what is 11 + -10101?
-10020
In base 7, what is 2 - -25?
30
In base 7, what is 133 + 0?
133
In base 2, what is -110 - -1011?
101
In base 13, what is 10 + 45?
55
In base 2, what is 1001001111110 - -1?
1001001111111
In base 2, what is -10011 - -11000?
101
In base 3, what is -11010 - -101?
-10202
In base 2, what is 101011100 - 0?
101011100
In base 3, what is 11 + -1122?
-1111
In base 4, what is 1210 + 102?
1312
In base 10, what is 18 - -355?
373
In base 3, what is -201110 + 11?
-201022
In base 10, what is -2 - -3778?
3776
In base 4, what is -1210002 - 11?
-1210013
In base 14, what is -18 - 7?
-21
In base 6, what is -21 + -14?
-35
In base 13, what is b3 - c?
a4
In base 4, what is -11 - -1312?
1301
In base 3, what is 210 - -21?
1001
In base 2, what is 11 + 1110001100?
1110001111
In base 7, what is -5 - -31?
23
In base 12, what is 555 - 3?
552
In base 12, what is 8 + 36?
42
In base 13, what is 13 + -11?
2
In base 12, what is 32 - -24?
56
In base 14, what is -33 + -b?
-40
In base 11, what is 18 - -12?
2a
In base 13, what is 7 + -2?
5
In base 11, what is -a - -66?
57
In base 14, what is 2 - 5?
-3
In base 10, what is -3 + -964?
-967
In base 15, what is 5 - -60?
65
In base 8, what is 1661 - 4?
1655
In base 4, what is -11220 + -11?
-11231
In base 10, what is 136 - 10?
126
In base 14, what is -12 - 880?
-892
In base 10, what is -7 + -378?
-385
In base 3, what is 1 - -12210?
12211
In base 16, what is 5 + -62?
-5d
In base 4, what is -212023 + 11?
-212012
In base 4, what is -10 + 1202?
1132
In base 7, what is 101 - 14?
54
In base 11, what is -2 - 5243?
-524